 o(b).
6
Let u(i) = i + 2. Suppose 0 = -53*o + 1129 + 249. Suppose -o*f = -26 - 0. Give u(f).
3
Let v(x) = 13*x**2 - 13*x + 190. Let f(n) = -18*n**2 + 20*n - 284. Let g(z) = 5*f(z) + 7*v(z). What is g(-15)?
0
Let t(f) = -154*f - 2302. Let p be t(-15). Let n(g) = -1 + g**2 - 8 - 11*g + 8. What is n(p)?
-25
Suppose 0 = m + 2*m - 11399 + 11372. Let v(o) = -o**3 + 7*o**2 + 16*o + 13. Calculate v(m).
-5
Let w(i) = -i**2. Let q be 183/(-2)*(2 + (-8)/3). Let k = q + -62. Determine w(k).
-1
Suppose 581*p - 564*p = -238. Let k(j) = -11*j - 44. Calculate k(p).
110
Let y = 57 + 40. Let x = 100 - y. Let u(j) be the third derivative of j**5/30 + j**4/24 - 2*j**3/3 + 2*j**2. Calculate u(x).
17
Suppose 0 = 2*s - 11*i + 8*i - 227, -3*s + 383 = 4*i. Let f be (-5)/(-10) - s/22. Let x(v) = 2*v + 3. Give x(f).
-7
Let r(c) = c**3 + 9*c**2 + 10*c + 5. Let z(x) = -x**3 + 8*x**2 - 9*x + 31. Let q be z(9). Let d = q - -123. What is r(d)?
-11
Suppose -45*z = -21*z - 48. Let s(p) = -10*p + 22. Let j be s(z). Let a(u) be the second derivative of -u**5/20 + u**4/4 + u**2/2 - 2*u. What is a(j)?
5
Let f be (7 - 5)*(0 - 6)/(-3). Suppose 4*b + 37 = 5*g, 5*g - f*b = 3*g + 22. Let z(v) = v**3 - 7*v**2 + 6*v - 1. Give z(g).
-21
Let w(d) be the first derivative of d**5/30 - 5*d**4/12 + d**3/3 - 3*d**2/2 - 46*d + 113. Let l(i) be the second derivative of w(i). What is l(6)?
14
Let b(a) be the third derivative of a**4/24 - 7*a**3/3 + 2*a**2 - 165. Let r = 68 + -68. Determine b(r).
-14
Let q(g) = -2*g - 10. Suppose -3*b + 3901 = 5*s + 406, -5*s = b - 3485. Let t = -707 + s. What is q(t)?
12
Let i(h) = -h**2 + 7*h - 10. Let b be -9 - 15/(30/(-26)). What is i(b)?
2
Let j(o) = 220 + 2*o + 340 + 354 + 14*o - 1038. Give j(8).
4
Let u(z) = -17*z**2 - 34*z + 66 + 47*z**2 - 67*z**2 + 39*z**2. What is u(15)?
6
Let j(r) = -2*r**2 + 57*r + 32. Let q be 3 - -31 - (8 - 3). Let h be j(q). Let g(i) = i**3 - 4*i**2 + i - 2. Give g(h).
-8
Let s(q) be the first derivative of -q**4/4 - 14*q**3/3 - 6*q**2 - 9*q + 7703. Determine s(-13).
-22
Suppose 3*f = 3*q + 1428, q - 4*f - 1912 = 5*q. Let n be (-53)/q - 10/9. Let y(a) = 13*a**3 + a**2 + 2*a + 1. Determine y(n).
-13
Let i be 1/(-5 - (428/(-216) + -3)). Let p = 59 + i. Let c(x) = -x**2 + 5*x. Calculate c(p).
0
Let m(t) = -445*t - 2675. Let s be m(-6). Let k(i) = -25*i - 102. Determine k(s).
23
Let s be 19/(76/24) + 8. Suppose -5*r = -12*r - s. Let a(k) = k**3 + k**2 + 3*k + 1. Calculate a(r).
-9
Suppose -47 - 7 = -6*d. Let m(c) = -d*c + 5*c - c. Suppose 52*n - 22 = 30. Give m(n).
-5
Suppose -2*g + 0 = 4*j - 30, -3*g + 3 = 0. Suppose 4*v - 18 = -f, 5*f + 18 = 2*v + f. Let o(h) = 0 + h - 7 - 5*h + v*h. Determine o(j).
0
Let c(d) = d**3 - 9*d**2 + 9*d - 1. Let u(y) = -1. Let p(b) = -c(b) - 3*u(b). Let j(q) = -28*q + 43*q - 20 - 22*q. Let g be j(-4). Calculate p(g).
-4
Let z(p) be the first derivative of p**4/4 + 4*p**3/3 + 3*p**2/2 + 6*p + 2. Let y = -127 + -45. Let g = -176 - y. Give z(g).
-6
Let h(l) = 8*l - 3*l**3 + 2*l**3 - 5*l + 82 - 79 + 2*l - 5*l**2. Give h(-5).
-22
Suppose 3*f + 3*j = -f + 35, -5 = -2*f + j. Let z(i) = i**2 + 0*i - i + f*i + i - 6. Let n be -2*(-20)/24*-3. Calculate z(n).
-6
Let l be ((-44)/165)/((-12)/90). Let i = -1 + 6. Let q(b) = 7*b**2 - 1 - 2*b**2 + i*b**3 - 3*b**l. What is q(1)?
6
Let m(l) = 5*l**2 + 5*l + 6. Let s(k) = -2 + 60*k**2 - 37*k**2 - 4*k + k - 25*k**2. Let j(y) = 3*m(y) + 7*s(y). What is j(6)?
4
Let u(f) be the first derivative of 17*f**2/2 - 11*f - 97. What is u(-5)?
-96
Let g(u) = 6*u - 1. Let v be 5*1/(-3)*-3. Let c(h) be the third derivative of -13*h**4/24 + h**3/3 - 291*h**2. Let a(p) = v*g(p) + 2*c(p). Give a(2).
7
Let c(r) = -4*r**2 - 21*r - 6. Let w be 5*40/(-50) - 2. Give c(w).
-24
Let s(q) = q**3 - 3*q**2 - q - 1. Let b(n) = -n + 4. Let o be b(2). Suppose -3*c - p - 28 = c, -o*p = 8. Let r be 1/(2/c) + (-7 - -13). Give s(r).
-4
Let u = -37 - -162. Suppose -29*y + 24*y + u = 0. Suppose 6*w - w - 5*x - y = 0, -2*x = 2*w + 6. Let d(c) = 6*c + 1. What is d(w)?
7
Let q(u) be the first derivative of -7*u**2/2 - u + 3264. Let o = -1 - 0. Let s be (o/2)/((-2)/(-8)). Give q(s).
13
Let m(g) = -2*g**3 - g**2 + g - 47. Suppose 0 = -733*v + 479*v. What is m(v)?
-47
Let w(b) = 8 - 4 - 3762*b - 6 + 3763*b. Give w(8).
6
Let c(v) be the first derivative of -1/3*v**3 - 102 + 3*v**2 - 5*v. Determine c(7).
-12
Let f(m) be the second derivative of 0*m**2 + 1/6*m**3 + 0 - 3/10*m**5 + 1/12*m**4 + 99*m. Determine f(-1).
6
Let r be ((-46)/(-115))/(1/5). Suppose r*n + 5*m - 23 = 0, -3*n + 4*n - m = -6. Let f(d) = 4*d. Give f(n).
-4
Suppose -6 = -47*u + 45*u. Suppose 2*b = 5*b + 2*s - 13, b - u*s - 8 = 0. Let z(i) = i**3 - 6*i**2 + 4*i - 4. What is z(b)?
-9
Suppose 281 = -101*i - 22. Let u(b) = 8*b - 7. Calculate u(i).
-31
Let j(g) be the first derivative of g**4 + 5*g**3/3 + 2*g**2 + 7*g + 3688. Calculate j(-3).
-68
Let i(d) be the third derivative of d**4/24 - 7*d**3/3 + 2*d**2. Let g = -77422 - -77439. Calculate i(g).
3
Let m(i) = -i - 3. Let y(o) = 5*o + 20. Let a be y(-5). Let n be a - (-2 - (2 + -3)). Let w be n*(5 - 17/4). Determine m(w).
0
Let q(w) = -w**2 - 5*w + 18. Suppose 87*r = 219*r + 105*r - 948. Determine q(r).
-18
Let c(u) = u**2 + 36*u + 37*u + 30*u + 37*u - 116*u - 295. Determine c(-33).
2
Suppose 0 = 2*o + 5*y + 94, 4*o + 0*y = 2*y - 212. Let b = 57 + o. Let t(j) = j**2 - 4*j - 4. What is t(b)?
1
Suppose 5*p + k = -1250, -991 = 4*p - 2*k + k. Let z = 252 + p. Let m(q) = -q**2 - 2*q - 4. Determine m(z).
-19
Let n = -7869 + 7895. Let d(f) = -f**3 + 25*f**2 + 23*f + 75. Calculate d(n).
-3
Let w(t) = -31*t**2 + 10*t - 4. Let q(a) = 22*a**2 - 7*a + 3. Let r(n) = 7*q(n) + 5*w(n). Suppose 5 = -4*h + 2*h + 5*u, h + 2*u = 2. Calculate r(h).
1
Let j = 676 + -676. Let o(u) = 2 - 25*u + 13*u**3 - 14*u - 3 + 40*u + j. Determine o(1).
13
Let o(j) be the first derivative of -13*j**2/2 + j - 192. Suppose 16 = m + 2*l + 3*l, -5*l = -m - 14. Give o(m).
-12
Suppose 3*i + 183 = -60. Let q = 88 + i. Let d(w) be the first derivative of w**4/4 - 7*w**3/3 + w**2/2 - 4*w - 13. What is d(q)?
3
Let g = 86 + -75. Suppose g*p - 5*p = -12. Let u(j) = -6*j**2 + 3*j + 1. Give u(p).
-29
Suppose -p + 1 = -0*i - 2*i, -i = -p + 1. Let l = -2 + 5. Let s(c) = 2*c**2 + 12*c**2 - 3*c + 8 + c**l - 13*c**2 + 2*c. Give s(i).
8
Let v(t) = 8*t**2 + 1. Let b be (-3)/(-12)*0 + 3. Let n(s) = -2*s + 2*s + 1 + s**3 + b*s**2 + 0*s. Let y be n(-3). Give v(y).
9
Let o be ((-5)/(5/2))/(-1). Let q(k) = 4*k + k + 5*k**o - 4*k**2 + 4 - 4*k. Let l = 68 - 68. Calculate q(l).
4
Suppose 18 = 3*k + 2*q, 3*k = -40*q + 37*q + 21. Let n(i) = -73*i + k + 152*i - 78*i + 0. Calculate n(-6).
-2
Suppose 2*j = 6*j. Let d be ((-185)/111)/(5/(-6)). Let h(q) = -q + 4 - 5*q**2 + 14*q**2 - 10*q**d + 2. Determine h(j).
6
Let n(f) = -f**2 + 10*f - 2. Let b be n(9). Suppose 4*w = -8, -5*v = -3*w + b*w - 2. Let q(k) = -k**2 + 2*k - 1. Calculate q(v).
-1
Let i(x) = 2761*x - 2763*x - 2 + 40. Calculate i(7).
24
Let h be (-58)/(-6) - (-1)/3. Suppose -11*p - 41 = -140. Let b(i) = -4*i**2 + i**2 - 3 + 2*i**2 + p*i. Determine b(h).
-13
Let y(c) = c + 1. Let m(l) = 1 + 12*l - 3*l - 10*l. Let t(r) = -m(r) + 4*y(r). What is t(-3)?
-12
Let h = -233 + 390. Let u = -161 + h. Let x(b) be the second derivative of b**5/20 + b**4/2 + 7*b**3/6 + 2*b**2 - 2*b. Give x(u).
8
Suppose 4*n = -n + 4*o + 17, -5*n = 3*o + 4. Let y = -62 - -119. Let x(p) = y - p - 27 - 7*p**2 - 29. What is x(n)?
-7
Let g(n) = n**2 - 8*n - 66. Let f be g(-6). Suppose -f = -2*x + 3*a, 5*a - 2 = -3*x + 6. Let o(w) = 7*w - w**3 - 2 + 2 + 5*w**2. Calculate o(x).
6
Let s(f) = 14*f**3 + 28*f**2 + 5*f - 13. Let z(b) = -12*b**3 - 20*b**2 - 6*b + 13. Let i(a) = 5*s(a) + 6*z(a). Determine i(9).
76
Suppose 84 = 167*a - 153*a. Let s(h) = -8*h + 4. What is s(a)?
-44
Let y(q) = -3*q**2 - 10*q + 11. Let v(z) = -16*z**2 - 52*z + 56. Let m = 255 - 257. Let r(l) = m*v(l) + 11*y(l). What is r(-7)?
2
Let f(m) = 3*m - 12. Let c(v) = v**3 + 6*v**2 + v + 10. Let i be c(-6). Calculate f(i).
0
Let b(t) = -16*t**2 + 15*t - 27 - 7*t - 11*t - 42 - t**3 + 45. Determine b(-16).
24
Let h = 271 - 269. Let g(d) = -48647*d**h + d + 48640*d**2 + 0*d. Determine g(1).
-6
Let z be -1 + -25 - (90 - 95). Let q(i) = i + 23. Determine q(z).
2
Suppose 3*y - 2*i + 28 = 0